{"id":42,"date":"2014-08-28T15:17:45","date_gmt":"2014-08-28T13:17:45","guid":{"rendered":"http:\/\/ilike.kizman.eu\/?page_id=42"},"modified":"2022-03-16T19:02:27","modified_gmt":"2022-03-16T17:02:27","slug":"napi-kuponkod","status":"publish","type":"page","link":"https:\/\/www.likebolt.com\/?page_id=42","title":{"rendered":"Napi Kuponk\u00f3d"},"content":{"rendered":"<p>33M54NBF ez a kupon k\u00f3d 10%-os kedvezm\u00e9nyt biztos\u00edt v\u00e1s\u00e1rl\u00e1skor.<\/p>\n","protected":false},"excerpt":{"rendered":"<p>33M54NBF ez a kupon k\u00f3d 10%-os kedvezm\u00e9nyt biztos\u00edt v\u00e1s\u00e1rl\u00e1skor.<\/p>\n","protected":false},"author":1,"featured_media":160,"parent":6,"menu_order":0,"comment_status":"open","ping_status":"open","template":"","meta":[],"_links":{"self":[{"href":"https:\/\/www.likebolt.com\/index.php?rest_route=\/wp\/v2\/pages\/42"}],"collection":[{"href":"https:\/\/www.likebolt.com\/index.php?rest_route=\/wp\/v2\/pages"}],"about":[{"href":"https:\/\/www.likebolt.com\/index.php?rest_route=\/wp\/v2\/types\/page"}],"author":[{"embeddable":true,"href":"https:\/\/www.likebolt.com\/index.php?rest_route=\/wp\/v2\/users\/1"}],"replies":[{"embeddable":true,"href":"https:\/\/www.likebolt.com\/index.php?rest_route=%2Fwp%2Fv2%2Fcomments&post=42"}],"version-history":[{"count":4,"href":"https:\/\/www.likebolt.com\/index.php?rest_route=\/wp\/v2\/pages\/42\/revisions"}],"predecessor-version":[{"id":1658,"href":"https:\/\/www.likebolt.com\/index.php?rest_route=\/wp\/v2\/pages\/42\/revisions\/1658"}],"up":[{"embeddable":true,"href":"https:\/\/www.likebolt.com\/index.php?rest_route=\/wp\/v2\/pages\/6"}],"wp:featuredmedia":[{"embeddable":true,"href":"https:\/\/www.likebolt.com\/index.php?rest_route=\/wp\/v2\/media\/160"}],"wp:attachment":[{"href":"https:\/\/www.likebolt.com\/index.php?rest_route=%2Fwp%2Fv2%2Fmedia&parent=42"}],"curies":[{"name":"wp","href":"https:\/\/api.w.org\/{rel}","templated":true}]}}