{"id":1664,"date":"2022-04-07T21:49:26","date_gmt":"2022-04-07T19:49:26","guid":{"rendered":"https:\/\/www.likebolt.com\/?post_type=product&#038;p=1664"},"modified":"2025-08-28T14:58:48","modified_gmt":"2025-08-28T12:58:48","slug":"2000-facebook-oldal-kovetes","status":"publish","type":"product","link":"https:\/\/www.likebolt.com\/?product=2000-facebook-oldal-kovetes","title":{"rendered":"2000 Facebook oldal k\u00f6vet\u00e9s"},"content":{"rendered":"<h1 style=\"text-align: center;\"><span style=\"color: #3366ff;\">1<\/span> K\u00f6vet\u00e9s =<span style=\"color: #3366ff;\">35<\/span> Forint<\/h1>\n<p style=\"text-align: center;\">\u00d6sszesen 2000 k\u00f6vet\u00e9st szolg\u00e1ltatunk b\u00e1rmely kiv\u00e1lasztott facebook k\u00e9pre, rajong\u00f3i oldalra,csak a weboldal c\u00edm\u00e9re van sz\u00fcks\u00e9g,a t\u00f6bbit pedig mi ny\u00fajtjuk.<\/p>\n<address>\u00a0<\/address>\n<h2 style=\"text-align: center;\">V\u00e1rhat\u00f3 sz\u00e1ll\u00edt\u00e1si id\u0151: 5-10 nap<\/h2>\n","protected":false},"excerpt":{"rendered":"<p>1 K\u00f6vet\u00e9s =35 Forint \u00d6sszesen 2000 k\u00f6vet\u00e9st szolg\u00e1ltatunk b\u00e1rmely kiv\u00e1lasztott facebook k\u00e9pre, rajong\u00f3i oldalra,csak a weboldal c\u00edm\u00e9re van sz\u00fcks\u00e9g,a t\u00f6bbit pedig mi ny\u00fajtjuk. \u00a0 V\u00e1rhat\u00f3 sz\u00e1ll\u00edt\u00e1si id\u0151: 5-10 nap<\/p>\n","protected":false},"featured_media":15,"comment_status":"open","ping_status":"closed","template":"","meta":[],"product_cat":[14],"product_tag":[],"_links":{"self":[{"href":"https:\/\/www.likebolt.com\/index.php?rest_route=\/wp\/v2\/product\/1664"}],"collection":[{"href":"https:\/\/www.likebolt.com\/index.php?rest_route=\/wp\/v2\/product"}],"about":[{"href":"https:\/\/www.likebolt.com\/index.php?rest_route=\/wp\/v2\/types\/product"}],"replies":[{"embeddable":true,"href":"https:\/\/www.likebolt.com\/index.php?rest_route=%2Fwp%2Fv2%2Fcomments&post=1664"}],"wp:featuredmedia":[{"embeddable":true,"href":"https:\/\/www.likebolt.com\/index.php?rest_route=\/wp\/v2\/media\/15"}],"wp:attachment":[{"href":"https:\/\/www.likebolt.com\/index.php?rest_route=%2Fwp%2Fv2%2Fmedia&parent=1664"}],"wp:term":[{"taxonomy":"product_cat","embeddable":true,"href":"https:\/\/www.likebolt.com\/index.php?rest_route=%2Fwp%2Fv2%2Fproduct_cat&post=1664"},{"taxonomy":"product_tag","embeddable":true,"href":"https:\/\/www.likebolt.com\/index.php?rest_route=%2Fwp%2Fv2%2Fproduct_tag&post=1664"}],"curies":[{"name":"wp","href":"https:\/\/api.w.org\/{rel}","templated":true}]}}