{"id":35,"date":"2014-08-27T20:28:37","date_gmt":"2014-08-27T18:28:37","guid":{"rendered":"http:\/\/ilike.kizman.eu\/?post_type=product&#038;p=35"},"modified":"2014-08-28T15:09:05","modified_gmt":"2014-08-28T13:09:05","slug":"1000-soundcloud-lejatszas","status":"publish","type":"product","link":"https:\/\/www.likebolt.com\/?product=1000-soundcloud-lejatszas","title":{"rendered":"1000 soundcloud lej\u00e1tsz\u00e1s"},"content":{"rendered":"<h1 style=\"text-align: center;\">1 lej\u00e1tsz\u00e1s= 1,50 forint<\/h1>\n<p style=\"text-align: center;\">Garant\u00e1lt\u00a01000\u00a0soundcloud\u00a0lej\u00e1tsz\u00e1st\u00a0szolg\u00e1ltatunk b\u00e1rmely kiv\u00e1lasztott soundcloud oldalra,csak a weboldal c\u00edm\u00e9re van sz\u00fcks\u00e9g,a t\u00f6bbit pedig mi ny\u00fajtjuk.<\/p>\n<h2 style=\"text-align: center;\">V\u00e1rhat\u00f3 sz\u00e1ll\u00edt\u00e1si id\u0151: 2-5 nap<\/h2>\n","protected":false},"excerpt":{"rendered":"<p>1 lej\u00e1tsz\u00e1s= 1,50 forint Garant\u00e1lt\u00a01000\u00a0soundcloud\u00a0lej\u00e1tsz\u00e1st\u00a0szolg\u00e1ltatunk b\u00e1rmely kiv\u00e1lasztott soundcloud oldalra,csak a weboldal c\u00edm\u00e9re van sz\u00fcks\u00e9g,a t\u00f6bbit pedig mi ny\u00fajtjuk. V\u00e1rhat\u00f3 sz\u00e1ll\u00edt\u00e1si id\u0151: 2-5 nap<\/p>\n","protected":false},"featured_media":18,"comment_status":"open","ping_status":"closed","template":"","meta":[],"product_cat":[17],"product_tag":[],"_links":{"self":[{"href":"https:\/\/www.likebolt.com\/index.php?rest_route=\/wp\/v2\/product\/35"}],"collection":[{"href":"https:\/\/www.likebolt.com\/index.php?rest_route=\/wp\/v2\/product"}],"about":[{"href":"https:\/\/www.likebolt.com\/index.php?rest_route=\/wp\/v2\/types\/product"}],"replies":[{"embeddable":true,"href":"https:\/\/www.likebolt.com\/index.php?rest_route=%2Fwp%2Fv2%2Fcomments&post=35"}],"wp:featuredmedia":[{"embeddable":true,"href":"https:\/\/www.likebolt.com\/index.php?rest_route=\/wp\/v2\/media\/18"}],"wp:attachment":[{"href":"https:\/\/www.likebolt.com\/index.php?rest_route=%2Fwp%2Fv2%2Fmedia&parent=35"}],"wp:term":[{"taxonomy":"product_cat","embeddable":true,"href":"https:\/\/www.likebolt.com\/index.php?rest_route=%2Fwp%2Fv2%2Fproduct_cat&post=35"},{"taxonomy":"product_tag","embeddable":true,"href":"https:\/\/www.likebolt.com\/index.php?rest_route=%2Fwp%2Fv2%2Fproduct_tag&post=35"}],"curies":[{"name":"wp","href":"https:\/\/api.w.org\/{rel}","templated":true}]}}